{"id":296,"date":"2026-01-22T14:48:14","date_gmt":"2026-01-22T14:48:14","guid":{"rendered":"https:\/\/paprovn.com\/?page_id=296"},"modified":"2026-01-23T13:50:23","modified_gmt":"2026-01-23T13:50:23","slug":"khan-uot-lau-bep","status":"publish","type":"page","link":"https:\/\/paprovn.com\/?page_id=296","title":{"rendered":"KH\u0102N \u01af\u1edaT LAU B\u1ebeP"},"content":{"rendered":"\n<div class=\"wp-block-uagb-container uagb-block-f324764c alignfull uagb-is-root-container\"><div class=\"uagb-container-inner-blocks-wrap\">\n<h5 class=\"wp-block-heading alignwide has-vivid-cyan-blue-background-color has-background has-small-font-size\"><a href=\"https:\/\/paprovn.com\/\" data-type=\"page\" data-id=\"9\">Trang Ch\u1ee7<\/a> \/ <a href=\"https:\/\/paprovn.com\/?page_id=60\" data-type=\"page\" data-id=\"60\">S\u1ea3n Ph\u1ea9m <\/a>\/ KH\u0102N \u01af\u1edaT LAU B\u1ebeP<\/h5>\n\n\n\n<h3 class=\"wp-block-heading has-text-align-center\">KH\u0102N \u01af\u1edaT LAU B\u1ebeP<\/h3>\n<\/div><\/div>\n\n\n\n<div class=\"wp-block-uagb-container uagb-block-9c937aee alignfull uagb-is-root-container\"><div class=\"uagb-container-inner-blocks-wrap\">\n<div class=\"wp-block-media-text is-stacked-on-mobile is-vertically-aligned-center\" style=\"border-width:1px;border-top-left-radius:20px;border-top-right-radius:20px;border-bottom-left-radius:20px;border-bottom-right-radius:20px;padding-top:var(--wp--preset--spacing--40);padding-right:var(--wp--preset--spacing--40);padding-bottom:var(--wp--preset--spacing--40);padding-left:var(--wp--preset--spacing--40)\"><figure class=\"wp-block-media-text__media\"><img loading=\"lazy\" decoding=\"async\" width=\"586\" height=\"468\" src=\"https:\/\/paprovn.com\/wp-content\/uploads\/2026\/01\/118-1.png\" alt=\"\" class=\"wp-image-297 size-full\" srcset=\"https:\/\/paprovn.com\/wp-content\/uploads\/2026\/01\/118-1.png 586w, https:\/\/paprovn.com\/wp-content\/uploads\/2026\/01\/118-1-300x240.png 300w\" sizes=\"auto, (max-width: 586px) 100vw, 586px\" \/><\/figure><div class=\"wp-block-media-text__content\">\n<h6 class=\"wp-block-heading\">KH\u0102N \u01af\u1edaT LAU B\u1ebeP OSHIN<\/h6>\n\n\n\n<p class=\"has-ast-global-color-8-color has-text-color has-link-color wp-elements-78e71da5fb565fa358320d418ae61bb5\">Quy c\u00e1ch \u0111\u00f3ng g\u00f3i:<br>50 t\u1edd\/ g\u00f3i, 12 g\u00f3i\/ th\u00f9ng carton<\/p>\n\n\n\n<p><\/p>\n<\/div><\/div>\n\n\n\n<div class=\"wp-block-media-text is-stacked-on-mobile is-vertically-aligned-center\" style=\"border-width:1px;border-top-left-radius:20px;border-top-right-radius:20px;border-bottom-left-radius:20px;border-bottom-right-radius:20px;padding-top:var(--wp--preset--spacing--40);padding-right:var(--wp--preset--spacing--40);padding-bottom:var(--wp--preset--spacing--40);padding-left:var(--wp--preset--spacing--40)\"><figure class=\"wp-block-media-text__media\"><img loading=\"lazy\" decoding=\"async\" width=\"663\" height=\"368\" src=\"https:\/\/paprovn.com\/wp-content\/uploads\/2026\/01\/128-1.jpg\" alt=\"\" class=\"wp-image-298 size-full\" srcset=\"https:\/\/paprovn.com\/wp-content\/uploads\/2026\/01\/128-1.jpg 663w, https:\/\/paprovn.com\/wp-content\/uploads\/2026\/01\/128-1-300x167.jpg 300w\" sizes=\"auto, (max-width: 663px) 100vw, 663px\" \/><\/figure><div class=\"wp-block-media-text__content\">\n<h6 class=\"wp-block-heading\">KH\u0102N \u01af\u1edaT LAU B\u1ebeP OSHIN<\/h6>\n\n\n\n<p class=\"has-ast-global-color-8-color has-text-color has-link-color wp-elements-fdcb50566f30eabe1e4db5735f7bbdb0\">Quy c\u00e1ch \u0111\u00f3ng g\u00f3i:<br>30 t\u1edd\/ g\u00f3i, 24 g\u00f3i\/ th\u00f9ng carton<\/p>\n\n\n\n<p><\/p>\n<\/div><\/div>\n<\/div><\/div>\n\n\n\n<p><\/p>\n","protected":false},"excerpt":{"rendered":"<p>Trang Ch\u1ee7 \/ S\u1ea3n Ph\u1ea9m \/ KH\u0102N \u01af\u1edaT LAU B\u1ebeP KH\u0102N \u01af\u1edaT LAU B\u1ebeP KH\u0102N \u01af\u1edaT LAU B\u1ebeP OSHIN Quy c\u00e1ch \u0111\u00f3ng g\u00f3i:50 t\u1edd\/ g\u00f3i, 12 g\u00f3i\/ th\u00f9ng carton KH\u0102N \u01af\u1edaT LAU B\u1ebeP OSHIN Quy c\u00e1ch \u0111\u00f3ng g\u00f3i:30 t\u1edd\/ g\u00f3i, 24 g\u00f3i\/ th\u00f9ng carton<\/p>\n","protected":false},"author":1,"featured_media":0,"parent":0,"menu_order":0,"comment_status":"closed","ping_status":"closed","template":"","meta":{"_uag_custom_page_level_css":"","site-sidebar-layout":"default","site-content-layout":"","ast-site-content-layout":"default","site-content-style":"default","site-sidebar-style":"default","ast-global-header-display":"","ast-banner-title-visibility":"","ast-main-header-display":"","ast-hfb-above-header-display":"","ast-hfb-below-header-display":"","ast-hfb-mobile-header-display":"","site-post-title":"disabled","ast-breadcrumbs-content":"","ast-featured-img":"","footer-sml-layout":"","ast-disable-related-posts":"","theme-transparent-header-meta":"","adv-header-id-meta":"","stick-header-meta":"","header-above-stick-meta":"","header-main-stick-meta":"","header-below-stick-meta":"","astra-migrate-meta-layouts":"default","ast-page-background-enabled":"default","ast-page-background-meta":{"desktop":{"background-color":"var(--ast-global-color-5)","background-image":"","background-repeat":"repeat","background-position":"center center","background-size":"auto","background-attachment":"scroll","background-type":"","background-media":"","overlay-type":"","overlay-color":"","overlay-opacity":"","overlay-gradient":""},"tablet":{"background-color":"","background-image":"","background-repeat":"repeat","background-position":"center center","background-size":"auto","background-attachment":"scroll","background-type":"","background-media":"","overlay-type":"","overlay-color":"","overlay-opacity":"","overlay-gradient":""},"mobile":{"background-color":"","background-image":"","background-repeat":"repeat","background-position":"center center","background-size":"auto","background-attachment":"scroll","background-type":"","background-media":"","overlay-type":"","overlay-color":"","overlay-opacity":"","overlay-gradient":""}},"ast-content-background-meta":{"desktop":{"background-color":"var(--ast-global-color-4)","background-image":"","background-repeat":"repeat","background-position":"center center","background-size":"auto","background-attachment":"scroll","background-type":"","background-media":"","overlay-type":"","overlay-color":"","overlay-opacity":"","overlay-gradient":""},"tablet":{"background-color":"var(--ast-global-color-4)","background-image":"","background-repeat":"repeat","background-position":"center center","background-size":"auto","background-attachment":"scroll","background-type":"","background-media":"","overlay-type":"","overlay-color":"","overlay-opacity":"","overlay-gradient":""},"mobile":{"background-color":"var(--ast-global-color-4)","background-image":"","background-repeat":"repeat","background-position":"center center","background-size":"auto","background-attachment":"scroll","background-type":"","background-media":"","overlay-type":"","overlay-color":"","overlay-opacity":"","overlay-gradient":""}},"footnotes":""},"class_list":["post-296","page","type-page","status-publish","hentry"],"uagb_featured_image_src":{"full":false,"thumbnail":false,"medium":false,"medium_large":false,"large":false,"1536x1536":false,"2048x2048":false},"uagb_author_info":{"display_name":"admin","author_link":"https:\/\/paprovn.com\/?author=1"},"uagb_comment_info":0,"uagb_excerpt":"Trang Ch\u1ee7 \/ S\u1ea3n Ph\u1ea9m \/ KH\u0102N \u01af\u1edaT LAU B\u1ebeP KH\u0102N \u01af\u1edaT LAU B\u1ebeP KH\u0102N \u01af\u1edaT LAU B\u1ebeP OSHIN Quy c\u00e1ch \u0111\u00f3ng g\u00f3i:50 t\u1edd\/ g\u00f3i, 12 g\u00f3i\/ th\u00f9ng carton KH\u0102N \u01af\u1edaT LAU B\u1ebeP OSHIN Quy c\u00e1ch \u0111\u00f3ng g\u00f3i:30 t\u1edd\/ g\u00f3i, 24 g\u00f3i\/ th\u00f9ng carton","_links":{"self":[{"href":"https:\/\/paprovn.com\/index.php?rest_route=\/wp\/v2\/pages\/296","targetHints":{"allow":["GET"]}}],"collection":[{"href":"https:\/\/paprovn.com\/index.php?rest_route=\/wp\/v2\/pages"}],"about":[{"href":"https:\/\/paprovn.com\/index.php?rest_route=\/wp\/v2\/types\/page"}],"author":[{"embeddable":true,"href":"https:\/\/paprovn.com\/index.php?rest_route=\/wp\/v2\/users\/1"}],"replies":[{"embeddable":true,"href":"https:\/\/paprovn.com\/index.php?rest_route=%2Fwp%2Fv2%2Fcomments&post=296"}],"version-history":[{"count":2,"href":"https:\/\/paprovn.com\/index.php?rest_route=\/wp\/v2\/pages\/296\/revisions"}],"predecessor-version":[{"id":399,"href":"https:\/\/paprovn.com\/index.php?rest_route=\/wp\/v2\/pages\/296\/revisions\/399"}],"wp:attachment":[{"href":"https:\/\/paprovn.com\/index.php?rest_route=%2Fwp%2Fv2%2Fmedia&parent=296"}],"curies":[{"name":"wp","href":"https:\/\/api.w.org\/{rel}","templated":true}]}}